-16 - (-15 + -1) - (4 + -1))
2
What is the value of -45 - -38 - (-1 - -3)?
-9
Calculate 5 + 4 - 7 - (0 + -2 + -1).
5
Evaluate -4 + -1 + 30 + 6 + -10.
21
9 - ((-8 - -1 - (-39 - -37)) + 2)
12
3 - (-10 - -7) - (0 + -7 + 0)
13
What is 11 + 5 + (2 - 7 - 2)?
9
Evaluate (7 - 15) + 4 + 17 + -7.
6
Calculate -10 - (-24 + -2 + (-41 - -43)).
14
What is the value of -35 - (-77 - -21) - (-4 + 0)?
25
Calculate -1 + -28 + 26 + 1 + -8.
-10
Calculate 5 + (-29 - -7 - -9) + -6.
-14
What is (-29 - -6) + -3 + (5 - -3) + 6?
-12
What is the value of (4 - (-6 - (-23 - -6))) + 9?
2
What is the value of -28 + (2 - -10) + (12 - 1)?
-5
Evaluate -7 + (-5 - -10) + 6 - -6.
10
Evaluate -4 - -17 - ((16 - 32) + 26).
3
Calculate 2 + -11 + (-19 - -26).
-2
Calculate 1 + (4 - 4) - (-43 + 26).
18
-4 + -2 - (6 - -5 - 19) - 5
-3
Calculate 2 - (17 + -7) - (0 + 2).
-10
2 + (-1 + 8 - 8) + -4 + 10
7
Evaluate (-7 - -11) + -12 + 18.
10
What is -1 + (-13 - (-18 - -20))?
-16
-26 + 64 + -25 + (-2 - 5) + -17
-11
What is the value of 0 - (-18 - (1 + -13 + -3))?
3
Evaluate -1584 + 1590 - (1 - (1 - 13)).
-7
-9 - -23 - (2 + -4)
16
What is the value of 35 + -2 + (-11 - -15 - 12)?
25
What is 1 + 3 + -8 + (-9 - (-28 + 11))?
4
Calculate 8 - ((-16 - -22) + 3).
-1
Evaluate -20 + -33 + 50 - (10 - (3 - 1)).
-11
Calculate -42 + 31 + -10 + -9 + 1.
-29
Evaluate (7 - 5) + (-4 + 1 - 9).
-10
Calculate 0 + 0 + 1 + 19 + (20 - 43).
-3
What is the value of (-52 - -51) + (-24 - (-2 + 0)) + -5?
-28
Calculate 2 + (-11 - -14) + (-1 - (0 - -4)).
0
What is the value of -1 + 6 - ((9 - 3) + 7)?
-8
Calculate (-49 - 26) + 38 + 10.
-27
What is the value of (-83 - -87) + (-11 - 0) + (4 - 2)?
-5
Evaluate 2 + -1 + (-2 - (-11 + 13)) + -6.
-9
-31 + (-12 - -26) + 13
-4
-159 + 146 + 1 + 0
-12
What is the value of 6 + ((10 - 0) + -4 - 9) - 7?
-4
What is 6 + -2 - (12 - 20)?
12
What is -6 + 1 + 2 + -1 + 1 - 3?
-6
What is the value of -11 + 6 + (2 - -12)?
9
Calculate 2 - -19 - 3 - (88 + -85).
15
What is -7 + 1 + (16 + -12 + 0 - 6)?
-8
Evaluate -3 + 1 + 2 + -20 + 11 + 15.
6
What is -36 + 12 + 11 + -5?
-18
What is the value of (-7 + -7 - 12) + 11?
-15
-9 + (12 - (-13 + 18))
-2
-140 + 137 - (0 + 2) - -9
4
(-5 - (-6 - 12)) + -10
3
What is (11 - (1 + 0)) + (-450 - -452)?
12
What is the value of 12 + (1 - ((-8 - -12) + -3))?
12
Calculate 0 + 2 - (63 - 55) - (-29 + 1).
22
What is -6 + (5 - 4) + (38 - 53 - -18)?
-2
Evaluate 11 - (39 + -42 - -23).
-9
What is 22 + -18 + -4 + 7 + -42?
-35
Evaluate 1 + -10 + (-47 - 8 - -51).
-13
What is 6 + (-1 - (-12 + 14) - 8)?
-5
Calculate (-6 + 16 - (9 + -3)) + 0 + -13.
-9
235 + -249 + 9 + -2
-7
Evaluate (13 - 3) + (7 - (27 - -7)).
-17
What is the value of (14 - (14 + 3 + -8)) + -4?
1
-5 + (-45 - -18) + 25
-7
What is 21 + 2 + -14 + (6 - 2) + 3?
16
What is -34 + 73 - (-25 + 47)?
17
Calculate (-28 - -8) + 7 + -3 - (-11 - -21).
-26
0 + -16 + -126 + 137
-5
What is -342 + 380 + -59 + 2?
-19
Calculate -35 + 0 - (-38 - -36) - (-48 + 52).
-37
What is the value of (-9 + 3 - -10) + 36 + -19?
21
Calculate 0 + (-17 - (-1 + 1)) + (-632 - -633).
-16
Evaluate (0 - -2) + 103 + -95 + (-1 - -3).
12
Evaluate -1 + 16 + -5 - 10.
0
What is -13 - (5 + -21 - -13)?
-10
What is the value of (1 - (0 - -3)) + (160 - 169)?
-11
Calculate -19 + 26 - (0 + 3).
4
What is the value of -18 - (-6 + -55 - (3 + -18))?
28
What is -4 - (-7 + 3 + 0 - (-22 + 14))?
-8
What is the value of (-2 - (8 - 13)) + -11 + 0?
-8
What is the value of (-14 - -4 - 3) + -6 + 10?
-9
-12 + (-36 - -56) - 20
-12
What is the value of (-3 - (-6 - 1)) + (6 - 9)?
1
What is 9 + -11 + ((1 - 4) + -2 - 1)?
-8
Evaluate (-6 - -12) + (-12 - -3) - -10.
7
What is (6 - -8) + 3 + -6?
11
Calculate (2 - -1) + (-96 - -92).
-1
Evaluate -3 - (11 + 2 - (-53 - -51)).
-18
What is (-9 - -36) + (-7 - 5)?
15
What is the value of -1 - ((6 - 8) + 3 - -7)?
-9
What is -17 + (-2 - (-3 - 1)) + (164 - 162)?
-13
(-39 + 18 - -22) + 16 + 0 + -1
16
Calculate 0 + (12 - 9) + 3 + -25.
-19
What is the value of 25 + -39 - (-5 + 3)?
-12
What is the value of (-10 - (-25 - (-12 + 7))) + (-21 - -8)?
-3
What is 24 + (-21 - -8) + 4?
15
Evaluate -1 - -13 - (-15 - -17) - 0.
10
Calculate 11 + (2 - 1 - -7).
19
Calculate -4 - (1 + (-2 - -11) - (20 + -15)).
-9
-30 + 21 + 3 - -1
-5
4 - (5 + -31 + 32)
-2
What is the value of (-24 - -14) + (31 + -7 - -1)?
15
What is 9 + (-13 - -14) + -13?
-3
Evaluate 7 + (-6 - (-8 + 2)) - -9 - 0.
16
Evaluate (6 - 4) + (9 - 2) + (-3 - -9).
15
What is -12 - 3 - ((-2 - 13) + 5)?
-5
(-3 - 4) + -6 - -27
14
1 + -11 + (365 - 332)
23
Evaluate (6 - (-1 - -1)) + (1 - 10) + 23.
20
Calculate -5 + 27 - (-78 - -124).
-24
What is the value of -7 - (-22 - (4 - 23) - (1 + -2))?
-5
Evaluate 9 - (22 + -2) - 2.
-13
What is the value of -18 - -6 - (-5 - -12 - -1)?
-20
Evaluate -3 + (8 - -2) - (-75 - -58).
24
Evaluate 9 + (13 - 2) + -17.
3
Evaluate -15 + -3 + 16 + -1.
-3
(-21 - -15) + (7 - -8)
9
Evaluate 226 + -254 - (-34 - 0).
6
Evaluate -2 + -32 + (32 + -15 - 1) + -7.
-25
-5 - (-18 + -7 + 7 - 1)
14
What is the value of 2 - (0 - -4) - (-386 - -386)?
-2
Calculate ((-3 - -16) + 2 - 10 - 4) + 5.
6
What is the value of 8 + (8 - 5) - 13?
-2
What is -10 - (4 + 13 + -37)?
10
Calculate (231 - 230 - (-2 + -5 + -2)) + 3.
13
What is the value of (2 - (-3 + 8)) + (4 - (-12 - -9))?
4
What is -8 + 22 + 28 + -19?
23
Calculate (-17 - (-2 + -11)) + -5.
-9
Calculate 3 - 7 - (5 + -26 - (2 + -1)).
18
(206 - 224) + (17 - 1)
-2
Calculate (-31 - (13 - 21)) + 47.
24
What is 2 - (9 + -12 + 6) - (-3 + -2)?
4
Evaluate -218 - -173 - (-8 + -1).
-36
Evaluate -33 + 9 - -31 - 13.
-6
-3 + 48 - (-59 - -88)
16
Calculate -6 - (-23 - -19 - (0 + 1) - 4).
3
-7 - ((-44 - -13) + 10)
14
16 + 9 + -6 + -10 + 0
9
What is -2 + (0 - -8) - (1 - -13)?
-8
What is (0 - -4) + (-18 - -15)?
1
What is -7 - (15 + -23) - ((0 - 0) + -3)?
4
-10 + 2 + (50 + -47 - (-1 - 4))
0
Evaluate 36 + (-4 - (-5 - -51)).
-14
Calculate (4 - (-3 + 2)) + -1 + 0 - 6.
-2
2 - 10 - (0 - -8) - -6
-10
Evaluate -154 + 152 + 0 + 2 + 9.
9
What is the value of 0 - (-4 + -5) - (-53 - -70) - 21?
-29
Evaluate 13 + (-3 - (1 + 1)) + -13.
-5
What is the value of 7 - (-6 + 1 + -4 + -1) - 1?
16
Calculate -19 + (17 - 54) + 26.
-30
Calculate (3 - -19 - (-51 + 63)) + -36.
-26
What is 10 - (17 - -10) - -8?
-9
What is the value of (-22 - -13) + (18 - 10)?
-1
What is the value of (-56 - -24) + 2 + 54?
24
What is the value of (-11 - -4) + 10 + -30 + -3 - -8?
-22
Calculate 19 + -12 - (1 - -16 - 4) - -15.
9
Evaluate -4 + (7 + -8 + -5 + 8 - 1).
-3
Evaluate -3 - (-9 - 23 - (-3 - 9)).
17
Calculate -11 + 8 + 18 + -23.
-8
What is the value of (11 + 2 + 0 - 9) + 7?
11
Evaluate 8 - (2 - (-1 + 9 - 7) - 3).
10
What is the value of -9 + 20 + -22 - -19?
8
What is -1 + -1 + -16 + (-14 - -26) + -27?
-33
What is the value of 100 + -97 + -1 + 6?
8
10 + (-7 - -6) - 11 - (0 + -23)
21
Evaluate -29 - (-12 + (-9 - 12)).
4
-1 + (0 + 9 - (-68 + 73))
3
Calculate (-1 - -5 - (11 - 3)) + 83 + -58.
21
(-4 - -6) + 11 + -14
-1
(0 - (-8 + -2 - 0)) + 118 + -118
10
What is (7 + -12 - 11) + 4?
-12
-1 + -25 + 20 + 9
3
What is (-1 - (6 + 16 + -15)) + (-1 - 5)?
-14
Evaluate -8 + 5 + (2 - (1 - (4 + -9))).
-7
What is the value of (0 - 24) + (12 + -12 + 20 - 15)?
-19
Calculate (25 - 5 - 21) + 7.
6
8 - 0 - (-82 - -83)
7
Calculate 2 + (14 - (18 + 9)).
-11
Evaluate -281 + 358 + (-40 - 1).
36
Calculate (2026 - 2052) + (2 - 2 - -1) + 2.
-23
-32 - (18 + -4 - 35)
-11
14 - (5 + (0 - -6)) - -7
10
Evaluate 24 - (7 - (8 + (6 - (-1 + 12)))).
20
What is the value of (-28 - -27) + -2 - (2 + 0)?
-5
What is the value of 2 - (9 + 0) - (0 - (-19 - -9))?
-17
Calculate 5 + (13 - (-4 - -12)) + -10.
0
What is the value of (-25 - (3 - (17 + -9 - 9))) + 10?
-19
-8 + (-5 - (8 + -6))
-15
What is the value of -12 + 2 + (-9 - (0 + 1))?
-20
15 - 8 - -3 - 32
-22
What is the value of 6 - (-4 - 11 - 10)?
31
Calculate 33 - ((5 - 0) + 76 + -70).
22
Calculate -8 + 7 + 15 + -9.
5
Evaluate 22 + (0 - 31) + 1.
-8
Evaluate -2 + 2 + 8 + (44 - 44) + -1.
7
What is (-1002 - -1025) + (-14 - 1) + 2?
10
What is the value of (5 - -7) + (2 - (12 + -16))?
18
What is (567 - 544) + (-5 - -1)?
19
What is the value of -6 - (42 - 33) - -1?
-14
-2 - (6 - (8 - (3 + 5) - -6))
-2
What is the value of 0 + -2 + -3 + 21 + (5 - 18)?
3
What is 12 + 18 + (-2 - 14)?
14
What is the value of -1 + 5 + (103 - 122) - 14?
